{"id":126,"date":"2025-01-07T12:26:08","date_gmt":"2025-01-07T12:26:08","guid":{"rendered":"https:\/\/mpacanaryislands.org\/?page_id=126"},"modified":"2025-04-24T14:17:37","modified_gmt":"2025-04-24T13:17:37","slug":"inicio","status":"publish","type":"page","link":"https:\/\/mpacanaryislands.org\/","title":{"rendered":"Inicio"},"content":{"rendered":"<p>[et_pb_section fb_built=\u00bb1&#8243; _builder_version=\u00bb4.27.4&#8243; _module_preset=\u00bb7da76aee-15fa-4254-97a7-66d9d204a900&#8243; global_colors_info=\u00bb{}\u00bb][et_pb_row _builder_version=\u00bb4.27.4&#8243; _module_preset=\u00bbdefault\u00bb global_colors_info=\u00bb{}\u00bb][et_pb_column type=\u00bb4_4&#8243; _builder_version=\u00bb4.27.4&#8243; _module_preset=\u00bbdefault\u00bb global_colors_info=\u00bb{}\u00bb][et_pb_slider _builder_version=\u00bb4.27.4&#8243; _module_preset=\u00bbdefault\u00bb auto=\u00bbon\u00bb border_radii=\u00bbon|30px|30px|30px|30px\u00bb global_colors_info=\u00bb{}\u00bb][et_pb_slide heading=\u00bbFortaleciendo las \u00c1reas Marinas Protegidas \u00bb _builder_version=\u00bb4.27.4&#8243; _module_preset=\u00bbdefault\u00bb background_enable_color=\u00bboff\u00bb background_video_mp4=\u00bbhttps:\/\/mpacanaryislands.org\/wp-content\/uploads\/2025\/01\/Felipe-Ravina-1-WEB.m4v\u00bb background_enable_video_mp4=\u00bbon\u00bb global_colors_info=\u00bb{}\u00bb sticky_transition=\u00bbon\u00bb][\/et_pb_slide][et_pb_slide heading=\u00bbPromoviendo un modelo sostenible para los oc\u00e9anos\u00bb _builder_version=\u00bb4.27.4&#8243; _module_preset=\u00bbdefault\u00bb background_enable_color=\u00bboff\u00bb background_video_mp4=\u00bbhttps:\/\/mpacanaryislands.org\/wp-content\/uploads\/2025\/01\/Felipe-Ravina-2-WEB.m4v\u00bb background_enable_video_mp4=\u00bbon\u00bb global_colors_info=\u00bb{}\u00bb sticky_transition=\u00bbon\u00bb][\/et_pb_slide][\/et_pb_slider][et_pb_text _builder_version=\u00bb4.27.4&#8243; _module_preset=\u00bbdefault\u00bb header_2_text_align=\u00bbcenter\u00bb header_2_line_height=\u00bb1.3em\u00bb global_colors_info=\u00bb{}\u00bb]<\/p>\n<h2><span>Fortaleciendo las \u00c1reas Marinas Protegidas<br \/>y promoviendo un modelo sostenible para los oc\u00e9anos<\/span><\/h2>\n<p><span style=\"text-align: justify;\">El proyecto <\/span><i style=\"text-align: justify;\">MPAs Canary Islands <\/i><span style=\"text-align: justify;\">tiene como objetivo principal fortalecer las \u00c1reas Marinas Protegidas (AMPs) existentes y promover la creaci\u00f3n de nuevas en el archipi\u00e9lago canario. Busca garantizar una gesti\u00f3n efectiva y maximizar el impacto positivo en el entorno marino, tanto a nivel local como regional. Esta iniciativa se alinea con la meta global de proteger el 30% de los oc\u00e9anos para 2030, y busca posicionar a las Islas Canarias como modelo de gesti\u00f3n sostenible de recursos marinos.<\/span><\/p>\n<p>[\/et_pb_text][et_pb_video src=\u00bbhttps:\/\/www.youtube.com\/watch?v=Xu4KYDVt_84&#8243; _builder_version=\u00bb4.27.4&#8243; _module_preset=\u00bbdefault\u00bb hover_enabled=\u00bb0&#8243; global_colors_info=\u00bb{}\u00bb sticky_enabled=\u00bb0&#8243;][\/et_pb_video][\/et_pb_column][\/et_pb_row][\/et_pb_section]<\/p>\n","protected":false},"excerpt":{"rendered":"<p>Fortaleciendo las \u00c1reas Marinas Protegidasy promoviendo un modelo sostenible para los oc\u00e9anos El proyecto MPAs Canary Islands tiene como objetivo principal fortalecer las \u00c1reas Marinas Protegidas (AMPs) existentes y promover la creaci\u00f3n de nuevas en el archipi\u00e9lago canario. Busca garantizar una gesti\u00f3n efectiva y maximizar el impacto positivo en el entorno marino, tanto a nivel [&hellip;]<\/p>\n","protected":false},"author":1,"featured_media":226,"parent":0,"menu_order":0,"comment_status":"closed","ping_status":"closed","template":"","meta":{"_et_pb_use_builder":"on","_et_pb_old_content":"<!-- wp:divi\/placeholder \/-->","_et_gb_content_width":"","footnotes":""},"class_list":["post-126","page","type-page","status-publish","has-post-thumbnail","hentry"],"_links":{"self":[{"href":"https:\/\/mpacanaryislands.org\/index.php?rest_route=\/wp\/v2\/pages\/126","targetHints":{"allow":["GET"]}}],"collection":[{"href":"https:\/\/mpacanaryislands.org\/index.php?rest_route=\/wp\/v2\/pages"}],"about":[{"href":"https:\/\/mpacanaryislands.org\/index.php?rest_route=\/wp\/v2\/types\/page"}],"author":[{"embeddable":true,"href":"https:\/\/mpacanaryislands.org\/index.php?rest_route=\/wp\/v2\/users\/1"}],"replies":[{"embeddable":true,"href":"https:\/\/mpacanaryislands.org\/index.php?rest_route=%2Fwp%2Fv2%2Fcomments&post=126"}],"version-history":[{"count":24,"href":"https:\/\/mpacanaryislands.org\/index.php?rest_route=\/wp\/v2\/pages\/126\/revisions"}],"predecessor-version":[{"id":758,"href":"https:\/\/mpacanaryislands.org\/index.php?rest_route=\/wp\/v2\/pages\/126\/revisions\/758"}],"wp:featuredmedia":[{"embeddable":true,"href":"https:\/\/mpacanaryislands.org\/index.php?rest_route=\/wp\/v2\/media\/226"}],"wp:attachment":[{"href":"https:\/\/mpacanaryislands.org\/index.php?rest_route=%2Fwp%2Fv2%2Fmedia&parent=126"}],"curies":[{"name":"wp","href":"https:\/\/api.w.org\/{rel}","templated":true}]}}