{"id":130,"date":"2025-01-07T12:27:28","date_gmt":"2025-01-07T12:27:28","guid":{"rendered":"https:\/\/mpacanaryislands.org\/?page_id=130"},"modified":"2025-02-18T16:32:18","modified_gmt":"2025-02-18T16:32:18","slug":"marco-global","status":"publish","type":"page","link":"https:\/\/mpacanaryislands.org\/?page_id=130","title":{"rendered":"Marco global"},"content":{"rendered":"<p>[et_pb_section fb_built=\u00bb1&#8243; _builder_version=\u00bb4.27.4&#8243; _module_preset=\u00bb7da76aee-15fa-4254-97a7-66d9d204a900&#8243; global_colors_info=\u00bb{}\u00bb][et_pb_row _builder_version=\u00bb4.27.4&#8243; _module_preset=\u00bbdefault\u00bb global_colors_info=\u00bb{}\u00bb][et_pb_column type=\u00bb4_4&#8243; _builder_version=\u00bb4.27.4&#8243; _module_preset=\u00bbdefault\u00bb global_colors_info=\u00bb{}\u00bb][et_pb_heading title=\u00bb@ET-DC@eyJkeW5hbWljIjp0cnVlLCJjb250ZW50IjoicG9zdF90aXRsZSIsInNldHRpbmdzIjp7ImJlZm9yZSI6IiIsImFmdGVyIjoiIn19@\u00bb _builder_version=\u00bb4.27.4&#8243; _dynamic_attributes=\u00bbtitle\u00bb _module_preset=\u00bbdefault\u00bb global_colors_info=\u00bb{}\u00bb][\/et_pb_heading][et_pb_text _builder_version=\u00bb4.27.4&#8243; _module_preset=\u00bbdefault\u00bb hover_enabled=\u00bb0&#8243; global_colors_info=\u00bb{}\u00bb sticky_enabled=\u00bb0&#8243;]<\/p>\n<h2 class=\"selectionShareable\">Naturaleza 2030: Una Uni\u00f3n en acci\u00f3n<\/h2>\n<div class=\"text-justify selectionShareable\">\n<p class=\"selectionShareable\" style=\"text-align: justify;\"><leadtext>El Programa de la UICN marca la culminaci\u00f3n de muchos a\u00f1os de deliberaci\u00f3n en toda la Uni\u00f3n. Adoptado por votaci\u00f3n democr\u00e1tica en el Congreso Mundial de la Naturaleza de la UICN en Marsella, el Programa Naturaleza 2030 de la UICN establece por primera vez su ambici\u00f3n a 10 a\u00f1os vista. Constituye un llamamiento a la movilizaci\u00f3n de nuestros Miembros, Comisiones y Secretar\u00eda. Esta perspectiva a m\u00e1s largo plazo se alinea con la Agenda 2030 para el Desarrollo Sostenible de las Naciones Unidas y el marco mundial de biodiversidad posterior a 2020.<\/leadtext><\/p>\n<\/div>\n<p>[\/et_pb_text][et_pb_image src=\u00bbhttps:\/\/mpacanaryislands.org\/wp-content\/uploads\/2025\/01\/WCC-7th-001-Es-1.jpg\u00bb title_text=\u00bbWCC-7th-001-Es-1&#8243; _builder_version=\u00bb4.27.4&#8243; _module_preset=\u00bbd6cd8e15-c2fb-4ec7-aa67-fdebe8e0a6c2&#8243; border_radii=\u00bbon|56px|56px|56px|56px\u00bb global_colors_info=\u00bb{}\u00bb][\/et_pb_image][et_pb_button button_url=\u00bbhttps:\/\/iucn.org\/es\/naturaleza-2030&#8243; url_new_window=\u00bbon\u00bb button_text=\u00bbVisitar P\u00e1gina Web\u00bb _builder_version=\u00bb4.27.4&#8243; _module_preset=\u00bbdefault\u00bb global_colors_info=\u00bb{}\u00bb][\/et_pb_button][\/et_pb_column][\/et_pb_row][\/et_pb_section]<\/p>\n","protected":false},"excerpt":{"rendered":"<p>Naturaleza 2030: Una Uni\u00f3n en acci\u00f3n El Programa de la UICN marca la culminaci\u00f3n de muchos a\u00f1os de deliberaci\u00f3n en toda la Uni\u00f3n. Adoptado por votaci\u00f3n democr\u00e1tica en el Congreso Mundial de la Naturaleza de la UICN en Marsella, el Programa Naturaleza 2030 de la UICN establece por primera vez su ambici\u00f3n a 10 a\u00f1os [&hellip;]<\/p>\n","protected":false},"author":1,"featured_media":201,"parent":128,"menu_order":0,"comment_status":"closed","ping_status":"closed","template":"","meta":{"_et_pb_use_builder":"on","_et_pb_old_content":"<!-- wp:divi\/placeholder \/-->","_et_gb_content_width":"","footnotes":""},"class_list":["post-130","page","type-page","status-publish","has-post-thumbnail","hentry"],"_links":{"self":[{"href":"https:\/\/mpacanaryislands.org\/index.php?rest_route=\/wp\/v2\/pages\/130","targetHints":{"allow":["GET"]}}],"collection":[{"href":"https:\/\/mpacanaryislands.org\/index.php?rest_route=\/wp\/v2\/pages"}],"about":[{"href":"https:\/\/mpacanaryislands.org\/index.php?rest_route=\/wp\/v2\/types\/page"}],"author":[{"embeddable":true,"href":"https:\/\/mpacanaryislands.org\/index.php?rest_route=\/wp\/v2\/users\/1"}],"replies":[{"embeddable":true,"href":"https:\/\/mpacanaryislands.org\/index.php?rest_route=%2Fwp%2Fv2%2Fcomments&post=130"}],"version-history":[{"count":9,"href":"https:\/\/mpacanaryislands.org\/index.php?rest_route=\/wp\/v2\/pages\/130\/revisions"}],"predecessor-version":[{"id":481,"href":"https:\/\/mpacanaryislands.org\/index.php?rest_route=\/wp\/v2\/pages\/130\/revisions\/481"}],"up":[{"embeddable":true,"href":"https:\/\/mpacanaryislands.org\/index.php?rest_route=\/wp\/v2\/pages\/128"}],"wp:featuredmedia":[{"embeddable":true,"href":"https:\/\/mpacanaryislands.org\/index.php?rest_route=\/wp\/v2\/media\/201"}],"wp:attachment":[{"href":"https:\/\/mpacanaryislands.org\/index.php?rest_route=%2Fwp%2Fv2%2Fmedia&parent=130"}],"curies":[{"name":"wp","href":"https:\/\/api.w.org\/{rel}","templated":true}]}}