{"id":138,"date":"2025-01-07T12:30:36","date_gmt":"2025-01-07T12:30:36","guid":{"rendered":"https:\/\/mpacanaryislands.org\/?page_id=138"},"modified":"2025-02-14T16:36:53","modified_gmt":"2025-02-14T16:36:53","slug":"amps","status":"publish","type":"page","link":"https:\/\/mpacanaryislands.org\/?page_id=138","title":{"rendered":"AMPs \u00b7 \u00c1reas Marinas Protegidas"},"content":{"rendered":"<p>[et_pb_section fb_built=\u00bb1&#8243; _builder_version=\u00bb4.27.4&#8243; _module_preset=\u00bbdefault\u00bb global_colors_info=\u00bb{}\u00bb][et_pb_row _builder_version=\u00bb4.27.4&#8243; _module_preset=\u00bbdefault\u00bb global_colors_info=\u00bb{}\u00bb][et_pb_column type=\u00bb4_4&#8243; _builder_version=\u00bb4.27.4&#8243; _module_preset=\u00bbdefault\u00bb global_colors_info=\u00bb{}\u00bb][et_pb_heading title=\u00bb\u00c1reas Marinas Protegidas de Canarias\u00bb _builder_version=\u00bb4.27.4&#8243; _module_preset=\u00bbdefault\u00bb global_colors_info=\u00bb{}\u00bb custom_margin=\u00bb|-0.3%||-0.1%|false|false\u00bb custom_padding=\u00bb|2px||5px|false|false\u00bb][\/et_pb_heading][et_pb_image src=\u00bbhttps:\/\/mpacanaryislands.org\/wp-content\/uploads\/2025\/01\/Mapa-MPAs-Islas-Canarias.png\u00bb title_text=\u00bbMapa-MPAs-Islas-Canarias\u00bb _builder_version=\u00bb4.27.4&#8243; _module_preset=\u00bbdefault\u00bb border_radii=\u00bbon|32px|32px|32px|32px\u00bb global_colors_info=\u00bb{}\u00bb][\/et_pb_image][\/et_pb_column][\/et_pb_row][et_pb_row _builder_version=\u00bb4.27.4&#8243; _module_preset=\u00bbdefault\u00bb global_colors_info=\u00bb{}\u00bb][et_pb_column type=\u00bb4_4&#8243; _builder_version=\u00bb4.27.4&#8243; _module_preset=\u00bbdefault\u00bb global_colors_info=\u00bb{}\u00bb][et_pb_text _builder_version=\u00bb4.27.4&#8243; _module_preset=\u00bbdefault\u00bb global_colors_info=\u00bb{}\u00bb]<\/p>\n<p style=\"text-align: justify;\">El t\u00e9rmino de \u201c\u00c1rea Marina Protegida\u201d<span>\u00a0<\/span> (AMP) se utiliza a nivel internacional como un concepto gen\u00e9rico que identifica cualquier zona marina con alg\u00fan grado de protecci\u00f3n. Cubre un amplio rango de diferentes enfoques para la gesti\u00f3n de zonas marinas y costeras. Las AMPs como figura de protecci\u00f3n propia no se reconoce en Espa\u00f1a hasta la entrada en vigor de la Ley 42\/2007, de 13 de diciembre, del Patrimonio Natural y de la Biodiversidad, que las define como \u201cEspacios naturales designados para la protecci\u00f3n de ecosistemas, comunidades o elementos biol\u00f3gicos o geol\u00f3gicos del medio marino, incluidas las \u00e1reas intermareal y submareal, que en raz\u00f3n de su rareza, fragilidad, importancia o singularidad, merecen una protecci\u00f3n especial \u201c.<\/p>\n<p>[\/et_pb_text][\/et_pb_column][\/et_pb_row][\/et_pb_section]<\/p>\n","protected":false},"excerpt":{"rendered":"<p>El t\u00e9rmino de \u201c\u00c1rea Marina Protegida\u201d\u00a0 (AMP) se utiliza a nivel internacional como un concepto gen\u00e9rico que identifica cualquier zona marina con alg\u00fan grado de protecci\u00f3n. Cubre un amplio rango de diferentes enfoques para la gesti\u00f3n de zonas marinas y costeras. Las AMPs como figura de protecci\u00f3n propia no se reconoce en Espa\u00f1a hasta la [&hellip;]<\/p>\n","protected":false},"author":1,"featured_media":237,"parent":0,"menu_order":0,"comment_status":"closed","ping_status":"closed","template":"","meta":{"_et_pb_use_builder":"on","_et_pb_old_content":"<!-- wp:divi\/placeholder \/-->","_et_gb_content_width":"","footnotes":""},"class_list":["post-138","page","type-page","status-publish","has-post-thumbnail","hentry"],"_links":{"self":[{"href":"https:\/\/mpacanaryislands.org\/index.php?rest_route=\/wp\/v2\/pages\/138","targetHints":{"allow":["GET"]}}],"collection":[{"href":"https:\/\/mpacanaryislands.org\/index.php?rest_route=\/wp\/v2\/pages"}],"about":[{"href":"https:\/\/mpacanaryislands.org\/index.php?rest_route=\/wp\/v2\/types\/page"}],"author":[{"embeddable":true,"href":"https:\/\/mpacanaryislands.org\/index.php?rest_route=\/wp\/v2\/users\/1"}],"replies":[{"embeddable":true,"href":"https:\/\/mpacanaryislands.org\/index.php?rest_route=%2Fwp%2Fv2%2Fcomments&post=138"}],"version-history":[{"count":15,"href":"https:\/\/mpacanaryislands.org\/index.php?rest_route=\/wp\/v2\/pages\/138\/revisions"}],"predecessor-version":[{"id":449,"href":"https:\/\/mpacanaryislands.org\/index.php?rest_route=\/wp\/v2\/pages\/138\/revisions\/449"}],"wp:featuredmedia":[{"embeddable":true,"href":"https:\/\/mpacanaryislands.org\/index.php?rest_route=\/wp\/v2\/media\/237"}],"wp:attachment":[{"href":"https:\/\/mpacanaryislands.org\/index.php?rest_route=%2Fwp%2Fv2%2Fmedia&parent=138"}],"curies":[{"name":"wp","href":"https:\/\/api.w.org\/{rel}","templated":true}]}}